. Calculate the remainder when 140 is divided by z.
46
Suppose -12 = -2*c - 4. Suppose -w = 4*w + 2*v - 126, c*w = v + 93. What is the remainder when 71 is divided by w?
23
Let h be -1 + 1 + 2*11. Suppose -d + 2*b + 9 = 0, 3*d + 3*b + 7 = -2*d. Suppose -g + h = -d. What is the remainder when 67 is divided by g?
21
Suppose 612 = -4*p + 13*p. Calculate the remainder when 475 is divided by p.
67
Suppose -4*t = -0*t - 436. Suppose 4*w - 2*p + 7*p = t, -2*p = -10. Let j(h) = -13*h + 5. What is the remainder when j(-6) is divided by w?
20
Let d(j) = -j**2 + 41*j - 324. What is the remainder when d(21) is divided by 30?
6
Let t(m) = 5*m - 8. Let h be t(-6). Let b = h + 165. Suppose -105 = -4*j + b. What is the remainder when j is divided by 20?
18
Suppose 0 = 2*a - 3 - 3. Suppose a = u - 0. Suppose u = q - 0. What is the remainder when 9 is divided by q?
0
Let v(s) = -3 + 6 - 3*s + 4*s - 3*s. Let n be v(-1). What is the remainder when 28 + (-2 + 4 - n) is divided by 7?
4
Suppose 2*v + 144 = -3*j, -2*j - v + 103 = -4*j. Let t = j + 60. Calculate the remainder when 38 is divided by t.
8
Suppose 5*y = 3*i + 377 + 20, y - 76 = 4*i. Let d = 155 - y. Calculate the remainder when d is divided by 26.
23
Calculate the remainder when 3/(33/(-77)) + 230 is divided by 56.
55
Suppose 195 = 2*z + 3*y - 99, 3*z + 3*y = 444. Calculate the remainder when z is divided by 75.
0
Let m = 22 + 151. What is the remainder when m is divided by 6?
5
Suppose -5*d - 2*u + 69 = -11, -5*u = 5*d - 65. Let w be ((-2)/(-6))/((-2)/d). Let t(y) = -3*y - 3. What is the remainder when 16 is divided by t(w)?
4
Let n(q) be the second derivative of q**4/6 + 2*q**3/3 + 4*q**2 + 9*q. What is the remainder when n(5) is divided by 27?
24
What is the remainder when 2266/26 - ((-2847)/169 - -17) is divided by 18?
15
Let r(d) = 7*d - 26. Let q(x) = 1. Let j(b) = 4*q(b) + r(b). Let w be 1/(-2) - (4 + 115/(-10)). What is the remainder when j(w) is divided by 10?
7
Let t = -15 + 25. Suppose -4*h = t - 98. Calculate the remainder when (-20774)/(-517) - ((-46)/(-11) - 4) is divided by h.
18
Suppose -o - 9 = 3*u + 14, 66 = -2*o - u. What is the remainder when o/10*2*-1 is divided by 5?
2
Calculate the remainder when 228 is divided by (1 - 417/(-9))*321/214.
15
Let n = -1143 + 1186. Let f = 4 - -81. What is the remainder when f is divided by n?
42
Let l(k) = k - 8. Suppose -x + 2*x + 3 = 0. Calculate the remainder when 12 - (x + -1 + 2) is divided by l(16).
6
Let c be ((-4)/(-8))/(1/(-78)). Let u = c - -59. Let b = -141 - -198. Calculate the remainder when b is divided by u.
17
Let o = -7 - -3. Let w be (-6)/4*o/(-3). Calculate the remainder when (-6 + w)/((-1)/4) is divided by 11.
10
Let m(p) = -19*p - 88. Calculate the remainder when 222 is divided by m(-7).
42
Suppose 0 = j - 2*a - 3, -j = -2*j + a + 8. Suppose 0 = -14*t - j + 279. What is the remainder when 49 is divided by t?
11
Suppose -5*z + 405 = 5*c, -37 + 103 = z - 4*c. What is the remainder when 303 is divided by z?
69
Suppose 0 = 29*j - 6902 + 1943. Calculate the remainder when j is divided by 58.
55
Let t be (-1 - 1) + 24/8. Calculate the remainder when 26 is divided by 5 + (t - 4) + 4.
2
Let i = 47 + -46. Suppose 4*y = 2*s - 18, -2*y = -2*s - i + 17. Calculate the remainder when s is divided by 4.
3
Let b(o) = -2*o + 1. Let v(l) = -6*l + 5 + 2*l + l**2 + 0*l**2 - 2*l. Calculate the remainder when b(-9) is divided by v(6).
4
Let a = 380 - 267. Calculate the remainder when a is divided by (0 - -10) + (-14 - -17).
9
Let y(d) = 117*d + 6. Calculate the remainder when y(1) is divided by 21.
18
Suppose -5*k + 17 = 3*u, 3*k - 6*k = 4*u - 41. Let z = 18 + 9. What is the remainder when z is divided by u?
13
Suppose 4*u = 90 - 342. Let p = u - -119. Let k = p - 38. Calculate the remainder when 87 is divided by k.
15
Suppose 0 = -15*k + 2103 + 117. Let o = k + -85. What is the remainder when o is divided by -1 - (-1 - 1) - -10?
8
Suppose 4*r = i + 3*i + 4, 3*i + 5*r = 37. Calculate the remainder when 81 is divided by 3/6*34 + i.
18
Suppose 2*q = 18 + 10. Let h(r) = -r**3 - 14*r**2 - 15*r - 1. Let g be h(-13). Suppose g = -5*m + 10*m. Calculate the remainder when q is divided by m.
4
Let a(d) = d**2 - 7*d - 11. Let x be a(7). Suppose i - h - 8 = -0*i, 0 = 2*h + 10. Let g = i - x. Calculate the remainder when 67 is divided by g.
11
Let i = -54 + 56. Suppose z + 44 = 2*u, -2*z = -i*u + 21 + 19. What is the remainder when 94 is divided by u?
22
What is the remainder when 2/(-20) - (231/(-10) - 9) is divided by 28?
4
Let v = 59 - 63. Let h(j) = -4*j**2 - 17*j + 1. What is the remainder when 13 is divided by h(v)?
3
Let u(j) = j**2 + 5. Calculate the remainder when 25498/244*(-2)/(-11) is divided by u(0).
4
Let w(j) = -57*j**3 + j**2 - 2*j - 3. Calculate the remainder when 278 is divided by w(-1).
50
Let b(a) = 5*a - 8. Let m be b(2). Let h(z) be the first derivative of z**4/2 + z**3/3 - z**2 + 2*z - 2. Calculate the remainder when 50 is divided by h(m).
14
Let c = -86 + 140. Suppose -d + c = 17. Suppose -3*t + 47 - 5 = 0. What is the remainder when d is divided by t?
9
Let r = 5 + -7. Let w(p) = -p**2 - 1. Let u(v) = 5*v**2 - 2*v. Let m(t) = u(t) + 3*w(t). What is the remainder when m(r) is divided by 3?
0
Let h = -1087 - -1310. Calculate the remainder when h is divided by 28.
27
Let o(x) = x**2 - 20*x - 39. Let j be o(21). Let u = j - -21. What is the remainder when u is divided by 3?
0
Let z be ((-21)/(-9))/((-2)/(-12)). Let a = 29 + -7. Let c = a - z. What is the remainder when c is divided by 3?
2
Suppose -5*y + b = -2249, -5*y + 6*b = 7*b - 2241. What is the remainder when y is divided by 11?
9
Let k(m) = 93*m + 30. What is the remainder when k(3) is divided by 45?
39
Let w = 32 - 12. Let z = -30 + 197. Suppose -13 = 2*n - z. Calculate the remainder when n is divided by w.
17
Let p(v) be the second derivative of 3*v**4/4 - v**3/3 + v**2/2 - 3*v. Calculate the remainder when 1*-2*(-19 + 12) is divided by p(1).
6
Let a be 3/1 - (7 + (-8)/2). Suppose -5*k - 7 + 12 = a. Calculate the remainder when 7 is divided by k.
0
Let i = 331 + -233. Calculate the remainder when i is divided by 2.
0
Let n = -14 + 38. Suppose 87 = 5*a + 5*i - 168, 0 = a + 2*i - 55. What is the remainder when a is divided by n?
23
Let c(m) = 2*m**2 - 2*m**2 + 3*m**3 + m + 4*m**2 + 1 - 2*m**3. Calculate the remainder when 41 is divided by c(-3).
6
Let v(t) = 4*t + 33. Let k be v(-8). What is the remainder when 36 is divided by (-15 - -16)*k*17 + 3?
16
Suppose 0 = 20*l - 15*l - 15. Let v = -1 + l. Calculate the remainder when 2 is divided by v.
0
Let a = 8 + 2. Suppose -20 - 22 = 2*j. Let g = -15 - j. Calculate the remainder when a is divided by g.
4
Suppose 5*l - 44 = -4*g, -l - 14 = -3*l + 2*g. Calculate the remainder when (-8)/2 + l + 32 is divided by 13.
10
Suppose 413 = 3*b + 4*n, 3*b - 3*n - 473 = -32. Calculate the remainder when b is divided by 29.
27
Let t be 2/(4/18)*-4. Let i be (-3)/4 - 6219/t. Suppose -5*m + i = -m. What is the remainder when m is divided by 15?
13
Suppose 88 = 4*s + 4*d, 0 = 3*s + 2*d - 32 - 39. Let b be (-3)/(-6) - 162/4. Calculate the remainder when s is divided by b/14*(-35)/10.
7
Let g(m) = -2*m + 37. Suppose -44 = -4*i + 4*a, 39 = 3*i - 4*a + 9. Let t(d) = 4*d**2 - 1. What is the remainder when g(i) is divided by t(1)?
0
Let m(s) = -s**2 - 36*s + 33. Let t be m(-37). Let z(j) = j**2 - 2. Let x be z(-3). Calculate the remainder when 82 is divided by (x/t)/(14/(-168)).
19
What is the remainder when -1*(-2 - 3) - -103 is divided by 33?
9
Suppose 7*k = -4*a + 6*k + 324, 3*a + 2*k - 248 = 0. What is the remainder when 294 is divided by a?
54
Suppose -c - 2*p + 16 = 2*c, 3*p = -12. Suppose 55 = 5*u - y, -9*y = -3*u - c*y + 33. What is the remainder when 65 is divided by u?
10
Let n(r) = -4*r - 78. What is the remainder when 405 is divided by n(-40)?
77
Suppose 4*t - 6 + 18 = 0, -t = 5*n - 407. What is the remainder when n is divided by 62?
20
Let p = 144 + -134. Calculate the remainder when 98 is divided by p.
8
Let v(b) be the third derivative of 2/3*b**3 - 1/8*b**4 + 1/120*b**6 - 7*b**2 - 1/60*b**5 + 0*b + 0. What is the remainder when 36 is divided by v(3)?
10
Let y(r) = -r**2 - 91*r - 1464. Suppose 5*g - 34 = -4*f, 9 = -5*g - 2*f + 51. Suppose 3*x 